 f = 305 + -173. Suppose 2*s = 2*b - 60, 3*b - f = -2*b - s. Let c = b + -1. List the prime factors of c.
2, 13
Let w = 172 + 24. What are the prime factors of -1 - 6/((-24)/w)?
2, 3
Let o = 81 - 35. Suppose 2*c = -g - 46, -g + c - 5*c - o = 0. Let y = 82 + g. What are the prime factors of y?
2, 3
Let f be 3218/18 - (-38)/171. Let r = f + -91. List the prime factors of r.
2, 11
Let j(f) = 6*f - 3. Let z be j(3). List the prime factors of 0 - (-170)/z*3.
2, 17
Let g(i) = i**2 + 14*i + 33. Let j be g(-12). What are the prime factors of ((-3)/j)/((-3)/(-576)*-2)?
2
Let j be ((-1958)/(-33))/(11/(-9) - -1). Let y = -103 - j. What are the prime factors of y?
2, 41
Let i be 1*(5 - -1)/2. Suppose -2*j = -i*j + 26. List the prime factors of j.
2, 13
Let j(b) = 2*b**2 - 10*b + 4. Suppose 5*x = -5*v + 20, -v + 0*x = 3*x - 2. List the prime factors of j(v).
2
Let n(w) = -4*w**2 + 19*w + 12. Let a(p) = -11*p**2 + 57*p + 35. Let f(c) = 6*a(c) - 17*n(c). List the prime factors of f(-14).
2, 3, 11
Suppose -4*n = 3*u + 1702 + 1047, n - 3*u + 676 = 0. Let r be (-10)/(-4)*18/5. What are the prime factors of n/(-45) - 2/r?
3, 5
Suppose n - s - 613 = 0, -2*s = 2*n - 690 - 516. What are the prime factors of n?
2, 19
List the prime factors of (-1 - 0)*(-7)/(21/3258).
2, 3, 181
Let z = -28 + 22. Let w be (-9)/(-2)*8/z. List the prime factors of 22/(-33) - 316/w.
2, 13
Let w = -8 + 12. Suppose 4*f - 27 = -5*l + 17, 0 = -w*f + 4*l + 44. Let r = f - 4. What are the prime factors of r?
7
Let z = 3794 + -2130. What are the prime factors of z?
2, 13
Suppose -2*b - 5*m = 0, -2*b + 5*m - 57 = -17. Suppose -8*u + 0 = -112. Let c = u + b. What are the prime factors of c?
2
Let j = 892 - 332. What are the prime factors of j?
2, 5, 7
Let i = -188 + 346. Let c = i - 59. List the prime factors of c.
3, 11
Suppose -w = 5*w - 330. Let a = w - -20. List the prime factors of a.
3, 5
Let d be -8 - -10 - (1 + -3). Suppose 9*x + d*h - 259 = 4*x, -2*x - h + 103 = 0. What are the prime factors of x?
3, 17
Let a = -17 + 30. Suppose 3*m + a = 3*x - 131, 0 = -2*m. List the prime factors of (22/6)/(4/x).
2, 11
Suppose -u + 3*r = -362, 0 = 5*u + 8*r - 4*r - 1791. What are the prime factors of u?
359
Suppose -p - 193 = -6*a + 3*a, 4*a = 3*p + 259. List the prime factors of a.
2
Suppose 40*y = 2*y + 114. Let n(z) = -51*z. Let v be n(-5). Suppose r - 85 = -3*g, -y*r + 3*g - 7*g = -v. List the prime factors of r.
5, 17
Suppose 3*g = -o + 659 - 175, o - 4*g - 470 = 0. List the prime factors of o.
2, 239
Suppose 3*p - 11 - 4 = 0. Suppose 0 = 2*y - p - 1. What are the prime factors of y?
3
Suppose 0 = -2*a + 5*g + 119 + 62, 240 = 3*a + 3*g. Let o = -33 + a. What are the prime factors of o?
2, 5
Suppose -13*b + 10 = -18*b. What are the prime factors of b - (3 + 4)*(0 + -13)?
89
Suppose -2*o = 3*o - 375. Suppose o = -2*i + 5*i + 3*r, -4*i - 3*r + 102 = 0. What are the prime factors of i?
3
Let u(k) = 3*k**2 - 64*k + 88. List the prime factors of u(29).
5, 151
Suppose 2361 + 494 = l - 5*h, 3*h - 14163 = -5*l. List the prime factors of l.
3, 5, 7
List the prime factors of 1/(-10) - (-56881)/110.
11, 47
Let u = -601 - -861. Let r = -147 + u. List the prime factors of r.
113
Let f be 28 - 0 - (3 + -1). Let o = 113 - f. List the prime factors of o.
3, 29
Let x = 102 + -27. Suppose -4*s + 9*s = 3*l + x, 4*l = -3*s + 45. What are the prime factors of s?
3, 5
Let j(k) = 35*k**2 - 42*k + 235. What are the prime factors of j(10)?
3, 5, 13, 17
Let a be (1/(-6))/((-1)/6). What are the prime factors of (1786/(-19))/(a - 3)?
47
Suppose 76 = 5*j - w, -34 = -5*j + 3*j + 4*w. Suppose -5*u = 5 - j. Suppose -7*p + 2*a + 103 = -u*p, -4*a - 59 = -3*p. What are the prime factors of p?
3, 7
Let v = -56 + 258. Suppose -3*l - f - 4*f + v = 0, 5*l - 358 = -3*f. What are the prime factors of (-1)/(((-2)/l)/1)?
37
What are the prime factors of 429/(-26)*(2 + -48)?
3, 11, 23
Let r(v) = -5*v - 26. Let s be r(-7). Suppose 6*g = -s*g + 270. What are the prime factors of g?
2, 3
Let r(i) = i**3 - 5*i**2 + 6*i + 7. Suppose -2*d - 2*h = -10, -2*d + 5*h + 0 = -17. List the prime factors of r(d).
79
Let y(u) = 60*u**2 - 10*u + 25. List the prime factors of y(-6).
5, 449
Let q(o) = -2*o**3 - 30*o**2 - 9*o - 3. List the prime factors of q(-16).
653
Let a(n) = -11*n**2 - 5*n - 7. Let m(z) = 11*z**2 + 6*z + 6. Let v(l) = 3*a(l) + 4*m(l). What are the prime factors of v(-4)?
11, 13
Let j = 1 + 0. Let d be j/(-3) + 20/(-12). What are the prime factors of -6 + 9 - 22/d?
2, 7
Let t(c) = -9*c + 52. Let o be t(6). List the prime factors of ((20/(-3))/o)/(6/72).
2, 5
Let b(j) = 2*j**3 - 8*j**2 + 13*j - 3. Let o be b(8). Let d = -421 + o. List the prime factors of d.
2, 3
Suppose 5*w + 4*y - 14 - 863 = 0, 3*w + 5*y - 521 = 0. Suppose -w = -6*k + 363. What are the prime factors of k?
2, 3, 5
Let h be (-64 - -3)*-12 + 6 + -3. Suppose -8*s + h = -361. What are the prime factors of s?
137
Let j(i) = i**3 + 14*i**2 + 32*i + 50. What are the prime factors of j(-11)?
61
Suppose -4*r + 91 + 65 = 0. Suppose r = 5*s + 9. Let b(y) = y**2 - 3*y + 9. List the prime factors of b(s).
3
Suppose -b + 2*c - 1 - 2 = 0, 0 = -b - 3*c + 22. Let y(a) = 15*a - 10. Let m be y(b). Suppose -3*z = 5*r - m, -4*r - 1 + 5 = 0. What are the prime factors of z?
2, 3, 5
Let n(u) = u - 16. Let w be n(16). Suppose w*i + d = -2*i + 92, -2*i = -4*d - 102. List the prime factors of i.
47
Let g(n) = 72*n**3 + 8*n**2 - 9*n + 2. List the prime factors of g(2).
2, 37
Let o(j) = -j - 1. Let z(f) = -10*f**2 - f. Let c be z(1). Let k be o(c). What are the prime factors of ((-2)/(-5))/(2/k)?
2
Let q = -6 + 9. Suppose q*z + 2 = z. Let n(i) = 41*i**2 + i. What are the prime factors of n(z)?
2, 5
Suppose 3926 = -71*d + 84*d. List the prime factors of d.
2, 151
Let c(d) = 34*d + 144. List the prime factors of c(15).
2, 3, 109
Let z(b) = 0 - 6 + 0 + 13*b**2 - 5*b + 6*b. What are the prime factors of z(2)?
2, 3
List the prime factors of (-78)/(-130) - (-6914)/10.
2, 173
Let q = 17 + -16. Let d(b) be the first derivative of 14*b**3/3 + b**2/2 - b - 5. What are the prime factors of d(q)?
2, 7
Let k = 1574 + 2025. What are the prime factors of k?
59, 61
Let z be (-24)/(-108) - 418/18. Let j = -20 - z. Suppose -j*b + b + 48 = 0. What are the prime factors of b?
2, 3
What are the prime factors of (98 - (-7 + 3)) + -1 + 0?
101
Suppose -5*p + 2*s + 9 - 2 = 0, 0 = -5*p - 3*s + 27. Suppose 0 = p*g - 0*g - 5*f - 232, 5*g + 3*f - 364 = 0. What are the prime factors of g?
2, 37
Let k = 55 - -320. List the prime factors of k.
3, 5
Let z(f) be the second derivative of -5*f**3/6 + 13*f**2 + 7*f. List the prime factors of z(-23).
3, 47
Let i(s) = -s**3 + 2*s + 2. Let n be i(-2). Suppose n = -6*m + 372. What are the prime factors of m?
61
Suppose -14*z + 38940 = 8*z. List the prime factors of z.
2, 3, 5, 59
Suppose -5*d + 14 + 1 = 0. Suppose 0 = -y + d*y. Suppose -2*a = -3*u + 65, -4*u + 5*u - 3*a - 24 = y. What are the prime factors of u?
3, 7
What are the prime factors of (-2992)/(-66) - (-1)/(-3)?
3, 5
Let y(w) = -24 + 0 + 2*w - 7 + 7*w**2 - 7*w. What are the prime factors of y(-4)?
101
What are the prime factors of (136/6)/(38/228)?
2, 17
Suppose 52 - 12 = 5*x. Suppose -2*q = 4*i + 3*q + x, -4*i + 4*q = -28. Suppose 0 = -i*r + r - 4*m - 8, -4*m = 3*r + 6. List the prime factors of r.
2
Let r = 1029 + -468. What are the prime factors of r?
3, 11, 17
Suppose -5*l = 2*i - 112 - 872, -3*l = 5*i - 2498. List the prime factors of i.
2, 251
Let z = -291 - -474. What are the prime factors of z?
3, 61
Let o = 228 + -102. Suppose f + 3*w = o, -3*f + 481 - 67 = -3*w. List the prime factors of f.
3, 5
Let d(m) = -4*m**3 + 10*m + 18 - 1 - 18*m**2 - 3. List the prime factors of d(-6).
2, 5, 17
Let g = -23 + 24. What are the prime factors of 2/8*g + 2416/64?
2, 19
Let g(h) = 3*h**3 - 11*h**2 + 2*h + 9. List the prime factors of g(6).
3, 7, 13
Let s be 24/8 - 0/2. Let u(c) = -c**2 + 2*c - 2. Let m be u(s). List the prime factors of m/30 + 241/6.
2, 5
Suppose -165 = -7*i + 507. Suppose -4*v + 4 = -12, n = -5*v + 25. Suppose n*u = u + i. What are the prime factors of u?
2, 3
Let d = 9963 + -5182. What are the prime factors of d?
7, 683
Let c = 1 + -1. Let j be (-1)/4*(84/(-3))/(-7). What are the prime factors of -1 - (c - (j + 2